216.73.216.219 - - [08/Nov/2025:16:17:37 +0530] "GET /api.beatleanalytics.com/service.php HTTP/2.0" 200 215 "-" "Mozilla/5.0 AppleWebKit/537.36 (KHTML, like Gecko; compatible; ClaudeBot/1.0; +claudebot@anthropic.com)"
216.73.216.219 - - [08/Nov/2025:16:17:37 +0530] "GET /api.beatleanalytics.com/branchDetails.php HTTP/2.0" 200 223 "-" "Mozilla/5.0 AppleWebKit/537.36 (KHTML, like Gecko; compatible; ClaudeBot/1.0; +claudebot@anthropic.com)"
216.73.216.219 - - [08/Nov/2025:16:17:39 +0530] "GET /api.beatleanalytics.com/feedback(servedBy).php HTTP/2.0" 200 222 "-" "Mozilla/5.0 AppleWebKit/537.36 (KHTML, like Gecko; compatible; ClaudeBot/1.0; +claudebot@anthropic.com)"
216.73.216.219 - - [08/Nov/2025:16:17:38 +0530] "GET /api.beatleanalytics.com/app-debug.apk HTTP/2.0" 200 3181773 "-" "Mozilla/5.0 AppleWebKit/537.36 (KHTML, like Gecko; compatible; ClaudeBot/1.0; +claudebot@anthropic.com)"
74.7.227.167 - - [08/Nov/2025:16:17:41 +0530] "GET /api.beatleanalytics.com/class107.php?path=//proc/self/root/sys/class/tty/tty35/subsystem/tty22 HTTP/2.0" 200 2757 "-" "Mozilla/5.0 AppleWebKit/537.36 (KHTML, like Gecko; compatible; GPTBot/1.2; +https://openai.com/gptbot)"
74.7.227.167 - - [08/Nov/2025:16:17:46 +0530] "GET /api.beatleanalytics.com/class107.php?path=//proc/self/root/sys/class/tty/tty57/subsystem/tty58 HTTP/2.0" 200 2754 "-" "Mozilla/5.0 AppleWebKit/537.36 (KHTML, like Gecko; compatible; GPTBot/1.2; +https://openai.com/gptbot)"
74.7.227.167 - - [08/Nov/2025:16:17:48 +0530] "GET /api.beatleanalytics.com/class107.php?path=//proc/self/root/sys/class/tty/tty60/subsystem/tty49 HTTP/2.0" 200 2757 "-" "Mozilla/5.0 AppleWebKit/537.36 (KHTML, like Gecko; compatible; GPTBot/1.2; +https://openai.com/gptbot)"
74.7.227.167 - - [08/Nov/2025:16:17:50 +0530] "GET /api.beatleanalytics.com/class107.php?path=//proc/self/root/sys/class/tty/tty41/subsystem/tty49 HTTP/2.0" 200 2754 "-" "Mozilla/5.0 AppleWebKit/537.36 (KHTML, like Gecko; compatible; GPTBot/1.2; +https://openai.com/gptbot)"
74.7.227.167 - - [08/Nov/2025:16:17:51 +0530] "GET /api.beatleanalytics.com/class107.php?path=//proc/self/root/sys/class/tty/tty20/subsystem/tty39 HTTP/2.0" 200 2757 "-" "Mozilla/5.0 AppleWebKit/537.36 (KHTML, like Gecko; compatible; GPTBot/1.2; +https://openai.com/gptbot)"
74.7.227.167 - - [08/Nov/2025:16:17:55 +0530] "GET /api.beatleanalytics.com/class107.php?path=//proc/self/root/sys/class/tty/tty41/subsystem/tty50/power HTTP/2.0" 200 2790 "-" "Mozilla/5.0 AppleWebKit/537.36 (KHTML, like Gecko; compatible; GPTBot/1.2; +https://openai.com/gptbot)"
74.7.227.167 - - [08/Nov/2025:16:17:57 +0530] "GET /api.beatleanalytics.com/class107.php?path=//proc/self/root/sys/class/tty/tty20/subsystem/tty13/power HTTP/2.0" 200 2790 "-" "Mozilla/5.0 AppleWebKit/537.36 (KHTML, like Gecko; compatible; GPTBot/1.2; +https://openai.com/gptbot)"
74.7.227.167 - - [08/Nov/2025:16:17:58 +0530] "GET /api.beatleanalytics.com/class107.php?path=//proc/self/root/sys/class/tty/tty24/subsystem/tty17/power HTTP/2.0" 200 2791 "-" "Mozilla/5.0 AppleWebKit/537.36 (KHTML, like Gecko; compatible; GPTBot/1.2; +https://openai.com/gptbot)"
74.7.227.167 - - [08/Nov/2025:16:18:00 +0530] "GET /api.beatleanalytics.com/class107.php?path=//proc/self/root/sys/class/tty/tty60/subsystem/tty35 HTTP/2.0" 200 2757 "-" "Mozilla/5.0 AppleWebKit/537.36 (KHTML, like Gecko; compatible; GPTBot/1.2; +https://openai.com/gptbot)"
74.7.227.167 - - [08/Nov/2025:16:18:02 +0530] "GET /api.beatleanalytics.com/class107.php?path=//proc/self/root/sys/class/tty/tty57/subsystem/tty58/power HTTP/2.0" 200 2789 "-" "Mozilla/5.0 AppleWebKit/537.36 (KHTML, like Gecko; compatible; GPTBot/1.2; +https://openai.com/gptbot)"
74.7.227.167 - - [08/Nov/2025:16:18:05 +0530] "GET /api.beatleanalytics.com/class107.php?path=//proc/self/root/sys/class/tty/tty41/subsystem/tty18 HTTP/2.0" 200 2757 "-" "Mozilla/5.0 AppleWebKit/537.36 (KHTML, like Gecko; compatible; GPTBot/1.2; +https://openai.com/gptbot)"
74.7.227.167 - - [08/Nov/2025:16:18:07 +0530] "GET /api.beatleanalytics.com/class107.php?path=//proc/self/root/sys/class/tty/tty47/subsystem/tty30/power HTTP/2.0" 200 2791 "-" "Mozilla/5.0 AppleWebKit/537.36 (KHTML, like Gecko; compatible; GPTBot/1.2; +https://openai.com/gptbot)"
74.7.227.167 - - [08/Nov/2025:16:18:09 +0530] "GET /api.beatleanalytics.com/class107.php?path=//proc/self/root/sys/class/tty/tty41/subsystem/tty49/power HTTP/2.0" 200 2789 "-" "Mozilla/5.0 AppleWebKit/537.36 (KHTML, like Gecko; compatible; GPTBot/1.2; +https://openai.com/gptbot)"
74.7.227.167 - - [08/Nov/2025:16:18:10 +0530] "GET /api.beatleanalytics.com/class107.php?path=//proc/self/root/sys/class/tty/tty60/subsystem/tty43 HTTP/2.0" 200 2757 "-" "Mozilla/5.0 AppleWebKit/537.36 (KHTML, like Gecko; compatible; GPTBot/1.2; +https://openai.com/gptbot)"
74.7.227.167 - - [08/Nov/2025:16:18:11 +0530] "GET /api.beatleanalytics.com/class107.php?path=//proc/self/root/sys/class/tty/tty20/subsystem/tty10 HTTP/2.0" 200 2753 "-" "Mozilla/5.0 AppleWebKit/537.36 (KHTML, like Gecko; compatible; GPTBot/1.2; +https://openai.com/gptbot)"
74.7.227.167 - - [08/Nov/2025:16:18:12 +0530] "GET /api.beatleanalytics.com/class107.php?path=//proc/self/root/sys/class/tty/tty24/subsystem/tty11/power HTTP/2.0" 200 2790 "-" "Mozilla/5.0 AppleWebKit/537.36 (KHTML, like Gecko; compatible; GPTBot/1.2; +https://openai.com/gptbot)"
74.7.227.167 - - [08/Nov/2025:16:18:13 +0530] "GET /api.beatleanalytics.com/class107.php?path=//proc/self/root/sys/class/tty/tty47/subsystem/tty45 HTTP/2.0" 200 2754 "-" "Mozilla/5.0 AppleWebKit/537.36 (KHTML, like Gecko; compatible; GPTBot/1.2; +https://openai.com/gptbot)"
74.7.227.167 - - [08/Nov/2025:16:18:18 +0530] "GET /api.beatleanalytics.com/class107.php?path=//proc/self/root/sys/class/tty/tty20/subsystem/tty47 HTTP/2.0" 200 2758 "-" "Mozilla/5.0 AppleWebKit/537.36 (KHTML, like Gecko; compatible; GPTBot/1.2; +https://openai.com/gptbot)"
74.7.227.167 - - [08/Nov/2025:16:18:19 +0530] "GET /api.beatleanalytics.com/class107.php?path=//proc/self/root/sys/class/tty/tty24/subsystem/tty39 HTTP/2.0" 200 2758 "-" "Mozilla/5.0 AppleWebKit/537.36 (KHTML, like Gecko; compatible; GPTBot/1.2; +https://openai.com/gptbot)"
74.7.227.167 - - [08/Nov/2025:16:18:23 +0530] "GET /api.beatleanalytics.com/class107.php?path=//proc/self/root/sys/class/tty/tty41/subsystem/tty43/power HTTP/2.0" 200 2788 "-" "Mozilla/5.0 AppleWebKit/537.36 (KHTML, like Gecko; compatible; GPTBot/1.2; +https://openai.com/gptbot)"
74.7.227.167 - - [08/Nov/2025:16:18:25 +0530] "GET /api.beatleanalytics.com/class107.php?path=//proc/self/root/sys/class/tty/tty41/subsystem/tty18/power HTTP/2.0" 200 2790 "-" "Mozilla/5.0 AppleWebKit/537.36 (KHTML, like Gecko; compatible; GPTBot/1.2; +https://openai.com/gptbot)"
74.7.227.167 - - [08/Nov/2025:16:18:29 +0530] "GET /api.beatleanalytics.com/class107.php?path=//proc/self/root/sys/class/tty/tty47/subsystem/tty57 HTTP/2.0" 200 2754 "-" "Mozilla/5.0 AppleWebKit/537.36 (KHTML, like Gecko; compatible; GPTBot/1.2; +https://openai.com/gptbot)"
74.7.227.167 - - [08/Nov/2025:16:18:31 +0530] "GET /api.beatleanalytics.com/class107.php?path=//proc/self/root/sys/class/tty/tty41/subsystem/tty34 HTTP/2.0" 200 2757 "-" "Mozilla/5.0 AppleWebKit/537.36 (KHTML, like Gecko; compatible; GPTBot/1.2; +https://openai.com/gptbot)"
216.73.216.219 - - [08/Nov/2025:16:18:32 +0530] "GET /api.beatleanalytics.com/service.php%2011-5-2018 HTTP/2.0" 200 1197 "-" "Mozilla/5.0 AppleWebKit/537.36 (KHTML, like Gecko; compatible; ClaudeBot/1.0; +claudebot@anthropic.com)"
216.73.216.219 - - [08/Nov/2025:16:18:32 +0530] "GET /api.beatleanalytics.com/feedback_auto.php HTTP/2.0" 200 217 "-" "Mozilla/5.0 AppleWebKit/537.36 (KHTML, like Gecko; compatible; ClaudeBot/1.0; +claudebot@anthropic.com)"
216.73.216.219 - - [08/Nov/2025:16:18:33 +0530] "GET /api.beatleanalytics.com/db_config.php HTTP/2.0" 200 1 "-" "Mozilla/5.0 AppleWebKit/537.36 (KHTML, like Gecko; compatible; ClaudeBot/1.0; +claudebot@anthropic.com)"
74.7.227.167 - - [08/Nov/2025:16:18:33 +0530] "GET /api.beatleanalytics.com/class107.php?path=//proc/self/root/sys/class/tty/tty24/subsystem/tty23 HTTP/2.0" 200 2754 "-" "Mozilla/5.0 AppleWebKit/537.36 (KHTML, like Gecko; compatible; GPTBot/1.2; +https://openai.com/gptbot)"
216.73.216.219 - - [08/Nov/2025:16:18:33 +0530] "GET /api.beatleanalytics.com/cgi-bin HTTP/2.0" 301 272 "-" "Mozilla/5.0 AppleWebKit/537.36 (KHTML, like Gecko; compatible; ClaudeBot/1.0; +claudebot@anthropic.com)"
216.73.216.219 - - [08/Nov/2025:16:18:33 +0530] "GET /api.beatleanalytics.com/cgi-bin/ HTTP/2.0" 200 255 "https://bar.beatleanalytics.com/api.beatleanalytics.com/cgi-bin" "Mozilla/5.0 AppleWebKit/537.36 (KHTML, like Gecko; compatible; ClaudeBot/1.0; +claudebot@anthropic.com)"
216.73.216.219 - - [08/Nov/2025:16:18:34 +0530] "GET /public_html/sidharth@beatleanalytics.com HTTP/2.0" 404 - "-" "Mozilla/5.0 AppleWebKit/537.36 (KHTML, like Gecko; compatible; ClaudeBot/1.0; +claudebot@anthropic.com)"
74.7.227.167 - - [08/Nov/2025:16:18:34 +0530] "GET /api.beatleanalytics.com/class107.php?path=//proc/self/root/sys/class/tty/tty41/subsystem/tty28 HTTP/2.0" 200 2757 "-" "Mozilla/5.0 AppleWebKit/537.36 (KHTML, like Gecko; compatible; GPTBot/1.2; +https://openai.com/gptbot)"
74.7.227.167 - - [08/Nov/2025:16:18:35 +0530] "GET /api.beatleanalytics.com/class107.php?path=//proc/self/root/sys/class/tty/tty20/subsystem/tty43 HTTP/2.0" 200 2757 "-" "Mozilla/5.0 AppleWebKit/537.36 (KHTML, like Gecko; compatible; GPTBot/1.2; +https://openai.com/gptbot)"
74.7.227.167 - - [08/Nov/2025:16:18:39 +0530] "GET /api.beatleanalytics.com/class107.php?path=//proc/self/root/sys/class/tty/tty20/subsystem/tty47/power HTTP/2.0" 200 2791 "-" "Mozilla/5.0 AppleWebKit/537.36 (KHTML, like Gecko; compatible; GPTBot/1.2; +https://openai.com/gptbot)"
74.7.227.167 - - [08/Nov/2025:16:18:41 +0530] "GET /api.beatleanalytics.com/class107.php?path=//proc/self/root/sys/class/tty/tty20/subsystem/tty10/power HTTP/2.0" 200 2789 "-" "Mozilla/5.0 AppleWebKit/537.36 (KHTML, like Gecko; compatible; GPTBot/1.2; +https://openai.com/gptbot)"
74.7.227.167 - - [08/Nov/2025:16:18:42 +0530] "GET /api.beatleanalytics.com/class107.php?path=//proc/self/root/sys/class/tty/tty41/subsystem/tty46 HTTP/2.0" 200 2753 "-" "Mozilla/5.0 AppleWebKit/537.36 (KHTML, like Gecko; compatible; GPTBot/1.2; +https://openai.com/gptbot)"
74.7.227.167 - - [08/Nov/2025:16:18:47 +0530] "GET /api.beatleanalytics.com/class107.php?path=//proc/self/root/sys/class/tty/tty41/subsystem/tty27 HTTP/2.0" 200 2758 "-" "Mozilla/5.0 AppleWebKit/537.36 (KHTML, like Gecko; compatible; GPTBot/1.2; +https://openai.com/gptbot)"
74.7.227.167 - - [08/Nov/2025:16:18:49 +0530] "GET /api.beatleanalytics.com/class107.php?path=//proc/self/root/sys/class/tty/tty47/subsystem/tty45/power HTTP/2.0" 200 2789 "-" "Mozilla/5.0 AppleWebKit/537.36 (KHTML, like Gecko; compatible; GPTBot/1.2; +https://openai.com/gptbot)"
74.7.227.167 - - [08/Nov/2025:16:18:50 +0530] "GET /api.beatleanalytics.com/class107.php?path=//proc/self/root/sys/class/tty/tty41/subsystem/tty34/power HTTP/2.0" 200 2790 "-" "Mozilla/5.0 AppleWebKit/537.36 (KHTML, like Gecko; compatible; GPTBot/1.2; +https://openai.com/gptbot)"
74.7.227.167 - - [08/Nov/2025:16:18:52 +0530] "GET /api.beatleanalytics.com/class107.php?path=//proc/self/root/sys/class/tty/tty47/subsystem/tty36 HTTP/2.0" 200 2758 "-" "Mozilla/5.0 AppleWebKit/537.36 (KHTML, like Gecko; compatible; GPTBot/1.2; +https://openai.com/gptbot)"
74.7.227.167 - - [08/Nov/2025:16:18:53 +0530] "GET /api.beatleanalytics.com/class107.php?path=//proc/self/root/sys/class/tty/tty47/subsystem/tty57/power HTTP/2.0" 200 2790 "-" "Mozilla/5.0 AppleWebKit/537.36 (KHTML, like Gecko; compatible; GPTBot/1.2; +https://openai.com/gptbot)"
74.7.227.167 - - [08/Nov/2025:16:18:54 +0530] "GET /api.beatleanalytics.com/class107.php?path=//proc/self/root/sys/class/tty/tty24/subsystem/tty38 HTTP/2.0" 200 2757 "-" "Mozilla/5.0 AppleWebKit/537.36 (KHTML, like Gecko; compatible; GPTBot/1.2; +https://openai.com/gptbot)"
74.7.227.167 - - [08/Nov/2025:16:18:55 +0530] "GET /api.beatleanalytics.com/class107.php?path=//proc/self/root/sys/class/tty/tty24/subsystem/tty51 HTTP/2.0" 200 2757 "-" "Mozilla/5.0 AppleWebKit/537.36 (KHTML, like Gecko; compatible; GPTBot/1.2; +https://openai.com/gptbot)"
74.7.227.167 - - [08/Nov/2025:16:18:57 +0530] "GET /api.beatleanalytics.com/class107.php?path=//proc/self/root/sys/class/tty/tty35/subsystem/tty12 HTTP/2.0" 200 2757 "-" "Mozilla/5.0 AppleWebKit/537.36 (KHTML, like Gecko; compatible; GPTBot/1.2; +https://openai.com/gptbot)"
74.7.227.167 - - [08/Nov/2025:16:19:01 +0530] "GET /api.beatleanalytics.com/class107.php?path=//proc/self/root/sys/class/tty/tty41/subsystem/tty27/power HTTP/2.0" 200 2791 "-" "Mozilla/5.0 AppleWebKit/537.36 (KHTML, like Gecko; compatible; GPTBot/1.2; +https://openai.com/gptbot)"
74.7.227.167 - - [08/Nov/2025:16:19:03 +0530] "GET /api.beatleanalytics.com/class107.php?path=//proc/self/root/sys/class/tty/tty41/subsystem/tty46/power HTTP/2.0" 200 2788 "-" "Mozilla/5.0 AppleWebKit/537.36 (KHTML, like Gecko; compatible; GPTBot/1.2; +https://openai.com/gptbot)"
74.7.227.167 - - [08/Nov/2025:16:19:04 +0530] "GET /api.beatleanalytics.com/class107.php?path=//proc/self/root/sys/class/tty/tty60/subsystem/tty51 HTTP/2.0" 200 2757 "-" "Mozilla/5.0 AppleWebKit/537.36 (KHTML, like Gecko; compatible; GPTBot/1.2; +https://openai.com/gptbot)"
74.7.227.167 - - [08/Nov/2025:16:19:06 +0530] "GET /api.beatleanalytics.com/class107.php?path=//proc/self/root/sys/class/tty/tty41/subsystem/tty53 HTTP/2.0" 200 2757 "-" "Mozilla/5.0 AppleWebKit/537.36 (KHTML, like Gecko; compatible; GPTBot/1.2; +https://openai.com/gptbot)"
74.7.227.167 - - [08/Nov/2025:16:19:09 +0530] "GET /api.beatleanalytics.com/class107.php?path=//proc/self/root/sys/class/tty/tty24/subsystem/tty26 HTTP/2.0" 200 2754 "-" "Mozilla/5.0 AppleWebKit/537.36 (KHTML, like Gecko; compatible; GPTBot/1.2; +https://openai.com/gptbot)"
74.7.227.167 - - [08/Nov/2025:16:19:11 +0530] "GET /api.beatleanalytics.com/class107.php?path=//proc/self/root/sys/class/tty/tty60/subsystem/tty29 HTTP/2.0" 200 2757 "-" "Mozilla/5.0 AppleWebKit/537.36 (KHTML, like Gecko; compatible; GPTBot/1.2; +https://openai.com/gptbot)"
74.7.227.167 - - [08/Nov/2025:16:19:12 +0530] "GET /api.beatleanalytics.com/class107.php?path=//proc/self/root/sys/class/tty/tty35/subsystem/tty21 HTTP/2.0" 200 2757 "-" "Mozilla/5.0 AppleWebKit/537.36 (KHTML, like Gecko; compatible; GPTBot/1.2; +https://openai.com/gptbot)"
74.7.227.167 - - [08/Nov/2025:16:19:16 +0530] "GET /api.beatleanalytics.com/class107.php?path=//proc/self/root/sys/class/tty/tty41/subsystem/tty57 HTTP/2.0" 200 2758 "-" "Mozilla/5.0 AppleWebKit/537.36 (KHTML, like Gecko; compatible; GPTBot/1.2; +https://openai.com/gptbot)"
74.7.227.167 - - [08/Nov/2025:16:19:18 +0530] "GET /api.beatleanalytics.com/class107.php?path=//proc/self/root/sys/class/tty/tty57/subsystem/tty22 HTTP/2.0" 200 2758 "-" "Mozilla/5.0 AppleWebKit/537.36 (KHTML, like Gecko; compatible; GPTBot/1.2; +https://openai.com/gptbot)"
74.7.227.167 - - [08/Nov/2025:16:19:20 +0530] "GET /api.beatleanalytics.com/class107.php?path=//proc/self/root/sys/class/tty/tty60/subsystem/tty18 HTTP/2.0" 200 2757 "-" "Mozilla/5.0 AppleWebKit/537.36 (KHTML, like Gecko; compatible; GPTBot/1.2; +https://openai.com/gptbot)"
74.7.227.167 - - [08/Nov/2025:16:19:21 +0530] "GET /api.beatleanalytics.com/class107.php?path=//proc/self/root/sys/class/tty/tty41/subsystem/tty44 HTTP/2.0" 200 2753 "-" "Mozilla/5.0 AppleWebKit/537.36 (KHTML, like Gecko; compatible; GPTBot/1.2; +https://openai.com/gptbot)"
74.7.227.167 - - [08/Nov/2025:16:19:22 +0530] "GET /api.beatleanalytics.com/class107.php?path=//proc/self/root/sys/class/tty/tty60/subsystem/tty51/power HTTP/2.0" 200 2790 "-" "Mozilla/5.0 AppleWebKit/537.36 (KHTML, like Gecko; compatible; GPTBot/1.2; +https://openai.com/gptbot)"
74.7.227.167 - - [08/Nov/2025:16:19:23 +0530] "GET /api.beatleanalytics.com/class107.php?path=//proc/self/root/sys/class/tty/tty60/subsystem/tty22 HTTP/2.0" 200 2757 "-" "Mozilla/5.0 AppleWebKit/537.36 (KHTML, like Gecko; compatible; GPTBot/1.2; +https://openai.com/gptbot)"
74.7.227.167 - - [08/Nov/2025:16:19:25 +0530] "GET /api.beatleanalytics.com/class107.php?path=//proc/self/root/sys/class/tty/tty41/subsystem/tty17 HTTP/2.0" 200 2757 "-" "Mozilla/5.0 AppleWebKit/537.36 (KHTML, like Gecko; compatible; GPTBot/1.2; +https://openai.com/gptbot)"
74.7.227.167 - - [08/Nov/2025:16:19:26 +0530] "GET /api.beatleanalytics.com/class107.php?path=//proc/self/root/sys/class/tty/tty41/subsystem/tty39 HTTP/2.0" 200 2758 "-" "Mozilla/5.0 AppleWebKit/537.36 (KHTML, like Gecko; compatible; GPTBot/1.2; +https://openai.com/gptbot)"
74.7.227.167 - - [08/Nov/2025:16:19:27 +0530] "GET /api.beatleanalytics.com/class107.php?path=//proc/self/root/sys/class/tty/tty47/subsystem/tty16 HTTP/2.0" 200 2758 "-" "Mozilla/5.0 AppleWebKit/537.36 (KHTML, like Gecko; compatible; GPTBot/1.2; +https://openai.com/gptbot)"
74.7.227.167 - - [08/Nov/2025:16:19:31 +0530] "GET /api.beatleanalytics.com/class107.php?path=//proc/self/root/sys/class/tty/tty41/subsystem/tty57/power HTTP/2.0" 200 2791 "-" "Mozilla/5.0 AppleWebKit/537.36 (KHTML, like Gecko; compatible; GPTBot/1.2; +https://openai.com/gptbot)"
74.7.227.167 - - [08/Nov/2025:16:19:33 +0530] "GET /api.beatleanalytics.com/class107.php?path=//proc/self/root/sys/class/tty/tty57/subsystem/tty22/power HTTP/2.0" 200 2791 "-" "Mozilla/5.0 AppleWebKit/537.36 (KHTML, like Gecko; compatible; GPTBot/1.2; +https://openai.com/gptbot)"
74.7.227.167 - - [08/Nov/2025:16:19:34 +0530] "GET /api.beatleanalytics.com/class107.php?path=//proc/self/root/sys/class/tty/tty24/subsystem/tty12 HTTP/2.0" 200 2757 "-" "Mozilla/5.0 AppleWebKit/537.36 (KHTML, like Gecko; compatible; GPTBot/1.2; +https://openai.com/gptbot)"
74.7.227.167 - - [08/Nov/2025:16:19:36 +0530] "GET /api.beatleanalytics.com/class107.php?path=//proc/self/root/sys/class/tty/tty24/subsystem/ptmx/power HTTP/2.0" 200 2790 "-" "Mozilla/5.0 AppleWebKit/537.36 (KHTML, like Gecko; compatible; GPTBot/1.2; +https://openai.com/gptbot)"
74.7.227.167 - - [08/Nov/2025:16:19:39 +0530] "GET /api.beatleanalytics.com/class107.php?path=//proc/self/root/sys/class/tty/tty60/subsystem/tty18/power HTTP/2.0" 200 2790 "-" "Mozilla/5.0 AppleWebKit/537.36 (KHTML, like Gecko; compatible; GPTBot/1.2; +https://openai.com/gptbot)"
74.7.227.167 - - [08/Nov/2025:16:19:41 +0530] "GET /api.beatleanalytics.com/class107.php?path=//proc/self/root/sys/class/tty/tty60/subsystem/tty44 HTTP/2.0" 200 2757 "-" "Mozilla/5.0 AppleWebKit/537.36 (KHTML, like Gecko; compatible; GPTBot/1.2; +https://openai.com/gptbot)"
74.7.227.167 - - [08/Nov/2025:16:19:42 +0530] "GET /api.beatleanalytics.com/class107.php?path=//proc/self/root/sys/class/tty/tty41/subsystem/tty44/power HTTP/2.0" 200 2788 "-" "Mozilla/5.0 AppleWebKit/537.36 (KHTML, like Gecko; compatible; GPTBot/1.2; +https://openai.com/gptbot)"
74.7.227.167 - - [08/Nov/2025:16:19:43 +0530] "GET /api.beatleanalytics.com/class107.php?path=//proc/self/root/sys/class/tty/tty35/subsystem/ptmx/power HTTP/2.0" 200 2790 "-" "Mozilla/5.0 AppleWebKit/537.36 (KHTML, like Gecko; compatible; GPTBot/1.2; +https://openai.com/gptbot)"
216.73.216.219 - - [08/Nov/2025:16:19:43 +0530] "GET /public_html/+91%2079%20400321645 HTTP/2.0" 404 - "-" "Mozilla/5.0 AppleWebKit/537.36 (KHTML, like Gecko; compatible; ClaudeBot/1.0; +claudebot@anthropic.com)"
216.73.216.219 - - [08/Nov/2025:16:19:43 +0530] "GET /api.beatleanalytics.com/live HTTP/2.0" 301 269 "-" "Mozilla/5.0 AppleWebKit/537.36 (KHTML, like Gecko; compatible; ClaudeBot/1.0; +claudebot@anthropic.com)"
216.73.216.219 - - [08/Nov/2025:16:19:43 +0530] "GET /api.beatleanalytics.com/live/ HTTP/2.0" 200 691 "https://bar.beatleanalytics.com/api.beatleanalytics.com/live" "Mozilla/5.0 AppleWebKit/537.36 (KHTML, like Gecko; compatible; ClaudeBot/1.0; +claudebot@anthropic.com)"
216.73.216.219 - - [08/Nov/2025:16:19:44 +0530] "GET /api.beatleanalytics.com/customer HTTP/2.0" 301 273 "-" "Mozilla/5.0 AppleWebKit/537.36 (KHTML, like Gecko; compatible; ClaudeBot/1.0; +claudebot@anthropic.com)"
216.73.216.219 - - [08/Nov/2025:16:19:44 +0530] "GET /api.beatleanalytics.com/customer/ HTTP/2.0" 200 414 "https://bar.beatleanalytics.com/api.beatleanalytics.com/customer" "Mozilla/5.0 AppleWebKit/537.36 (KHTML, like Gecko; compatible; ClaudeBot/1.0; +claudebot@anthropic.com)"
216.73.216.219 - - [08/Nov/2025:16:19:44 +0530] "GET /api.beatleanalytics.com/deptid.php HTTP/2.0" 200 217 "-" "Mozilla/5.0 AppleWebKit/537.36 (KHTML, like Gecko; compatible; ClaudeBot/1.0; +claudebot@anthropic.com)"
74.7.227.167 - - [08/Nov/2025:16:19:44 +0530] "GET /api.beatleanalytics.com/class107.php?path=//proc/self/root/sys/class/tty/tty41/subsystem/tty17/power HTTP/2.0" 200 2791 "-" "Mozilla/5.0 AppleWebKit/537.36 (KHTML, like Gecko; compatible; GPTBot/1.2; +https://openai.com/gptbot)"
216.73.216.219 - - [08/Nov/2025:16:19:45 +0530] "GET /api.beatleanalytics.com/signup.php HTTP/2.0" 200 215 "-" "Mozilla/5.0 AppleWebKit/537.36 (KHTML, like Gecko; compatible; ClaudeBot/1.0; +claudebot@anthropic.com)"
74.7.227.167 - - [08/Nov/2025:16:19:45 +0530] "GET /api.beatleanalytics.com/class107.php?path=//proc/self/root/sys/class/tty/tty29/subsystem HTTP/2.0" 200 3422 "-" "Mozilla/5.0 AppleWebKit/537.36 (KHTML, like Gecko; compatible; GPTBot/1.2; +https://openai.com/gptbot)"
74.7.227.167 - - [08/Nov/2025:16:19:49 +0530] "GET /api.beatleanalytics.com/class107.php?path=//proc/self/root/sys/class/tty/tty47/subsystem/tty16/power HTTP/2.0" 200 2791 "-" "Mozilla/5.0 AppleWebKit/537.36 (KHTML, like Gecko; compatible; GPTBot/1.2; +https://openai.com/gptbot)"
74.7.227.167 - - [08/Nov/2025:16:19:51 +0530] "GET /api.beatleanalytics.com/class107.php?path=//proc/self/root/sys/class/tty/tty24/subsystem/tty12/power HTTP/2.0" 200 2790 "-" "Mozilla/5.0 AppleWebKit/537.36 (KHTML, like Gecko; compatible; GPTBot/1.2; +https://openai.com/gptbot)"
74.7.227.167 - - [08/Nov/2025:16:19:52 +0530] "GET /api.beatleanalytics.com/class107.php?path=//proc/self/root/sys/class/tty/tty34/power HTTP/2.0" 200 2766 "-" "Mozilla/5.0 AppleWebKit/537.36 (KHTML, like Gecko; compatible; GPTBot/1.2; +https://openai.com/gptbot)"
74.7.227.167 - - [08/Nov/2025:16:19:53 +0530] "GET /api.beatleanalytics.com/class107.php?path=//proc/self/root/sys/class/tty/tty29/power HTTP/2.0" 200 2766 "-" "Mozilla/5.0 AppleWebKit/537.36 (KHTML, like Gecko; compatible; GPTBot/1.2; +https://openai.com/gptbot)"
74.7.227.167 - - [08/Nov/2025:16:19:55 +0530] "GET /api.beatleanalytics.com/class107.php?path=//proc/self/root/sys/class/tty/tty60/subsystem/tty22/power HTTP/2.0" 200 2790 "-" "Mozilla/5.0 AppleWebKit/537.36 (KHTML, like Gecko; compatible; GPTBot/1.2; +https://openai.com/gptbot)"
74.7.227.167 - - [08/Nov/2025:16:19:56 +0530] "GET /api.beatleanalytics.com/class107.php?path=//proc/self/root/sys/class/tty/tty34/subsystem HTTP/2.0" 200 3421 "-" "Mozilla/5.0 AppleWebKit/537.36 (KHTML, like Gecko; compatible; GPTBot/1.2; +https://openai.com/gptbot)"
74.7.227.167 - - [08/Nov/2025:16:19:58 +0530] "GET /api.beatleanalytics.com/class107.php?path=//proc/self/root/sys/class/tty/tty60/subsystem/tty44/power HTTP/2.0" 200 2790 "-" "Mozilla/5.0 AppleWebKit/537.36 (KHTML, like Gecko; compatible; GPTBot/1.2; +https://openai.com/gptbot)"
74.7.227.167 - - [08/Nov/2025:16:19:59 +0530] "GET /api.beatleanalytics.com/class107.php?path=//proc/self/root/sys/class/tty/tty60/subsystem/tty39/power HTTP/2.0" 200 2790 "-" "Mozilla/5.0 AppleWebKit/537.36 (KHTML, like Gecko; compatible; GPTBot/1.2; +https://openai.com/gptbot)"
74.7.227.167 - - [08/Nov/2025:16:20:00 +0530] "GET /api.beatleanalytics.com/class107.php?path=//proc/self/root/sys/class/tty/tty20/subsystem/tty46/power HTTP/2.0" 200 2790 "-" "Mozilla/5.0 AppleWebKit/537.36 (KHTML, like Gecko; compatible; GPTBot/1.2; +https://openai.com/gptbot)"
74.7.227.167 - - [08/Nov/2025:16:20:04 +0530] "GET /api.beatleanalytics.com/class107.php?path=//proc/self/root/sys/class/tty/tty20/subsystem/tty49/power HTTP/2.0" 200 2790 "-" "Mozilla/5.0 AppleWebKit/537.36 (KHTML, like Gecko; compatible; GPTBot/1.2; +https://openai.com/gptbot)"
74.7.227.167 - - [08/Nov/2025:16:20:07 +0530] "GET /api.beatleanalytics.com/class107.php?path=//proc/self/root/sys/class/tty/tty29/subsystem/console HTTP/2.0" 200 2781 "-" "Mozilla/5.0 AppleWebKit/537.36 (KHTML, like Gecko; compatible; GPTBot/1.2; +https://openai.com/gptbot)"
74.7.227.167 - - [08/Nov/2025:16:20:09 +0530] "GET /api.beatleanalytics.com/class107.php?path=//proc/self/root/sys/class/tty/tty29/subsystem/tty9 HTTP/2.0" 200 2753 "-" "Mozilla/5.0 AppleWebKit/537.36 (KHTML, like Gecko; compatible; GPTBot/1.2; +https://openai.com/gptbot)"
74.7.227.167 - - [08/Nov/2025:16:20:10 +0530] "GET /api.beatleanalytics.com/class107.php?path=//proc/self/root/sys/class/tty/tty29/subsystem/tty0 HTTP/2.0" 200 2779 "-" "Mozilla/5.0 AppleWebKit/537.36 (KHTML, like Gecko; compatible; GPTBot/1.2; +https://openai.com/gptbot)"
74.7.227.167 - - [08/Nov/2025:16:20:11 +0530] "GET /api.beatleanalytics.com/class107.php?path=//proc/self/root/sys/class/tty/tty29/subsystem/tty55 HTTP/2.0" 200 2758 "-" "Mozilla/5.0 AppleWebKit/537.36 (KHTML, like Gecko; compatible; GPTBot/1.2; +https://openai.com/gptbot)"
74.7.227.167 - - [08/Nov/2025:16:20:12 +0530] "GET /api.beatleanalytics.com/class107.php?path=//proc/self/root/sys/class/tty/tty29/subsystem/tty4 HTTP/2.0" 200 2754 "-" "Mozilla/5.0 AppleWebKit/537.36 (KHTML, like Gecko; compatible; GPTBot/1.2; +https://openai.com/gptbot)"
74.7.227.167 - - [08/Nov/2025:16:20:14 +0530] "GET /api.beatleanalytics.com/class107.php?path=//proc/self/root/sys/class/tty/tty29/subsystem/tty2 HTTP/2.0" 200 2753 "-" "Mozilla/5.0 AppleWebKit/537.36 (KHTML, like Gecko; compatible; GPTBot/1.2; +https://openai.com/gptbot)"
74.7.227.167 - - [08/Nov/2025:16:20:15 +0530] "GET /api.beatleanalytics.com/class107.php?path=//proc/self/root/sys/class/tty/tty57/power HTTP/2.0" 200 2767 "-" "Mozilla/5.0 AppleWebKit/537.36 (KHTML, like Gecko; compatible; GPTBot/1.2; +https://openai.com/gptbot)"
74.7.227.167 - - [08/Nov/2025:16:20:16 +0530] "GET /api.beatleanalytics.com/class107.php?path=//proc/self/root/sys/class/tty/tty34/subsystem/console HTTP/2.0" 200 2781 "-" "Mozilla/5.0 AppleWebKit/537.36 (KHTML, like Gecko; compatible; GPTBot/1.2; +https://openai.com/gptbot)"
74.7.227.167 - - [08/Nov/2025:16:20:20 +0530] "GET /api.beatleanalytics.com/class107.php?path=//proc/self/root/sys/class/tty/tty29/subsystem/tty1 HTTP/2.0" 200 2755 "-" "Mozilla/5.0 AppleWebKit/537.36 (KHTML, like Gecko; compatible; GPTBot/1.2; +https://openai.com/gptbot)"
74.7.227.167 - - [08/Nov/2025:16:20:25 +0530] "GET /api.beatleanalytics.com/class107.php?path=//proc/self/root/sys/class/tty/tty34/subsystem/tty3 HTTP/2.0" 200 2752 "-" "Mozilla/5.0 AppleWebKit/537.36 (KHTML, like Gecko; compatible; GPTBot/1.2; +https://openai.com/gptbot)"
216.73.216.219 - - [08/Nov/2025:16:20:26 +0530] "GET /api.beatleanalytics.com/corporate HTTP/2.0" 301 274 "-" "Mozilla/5.0 AppleWebKit/537.36 (KHTML, like Gecko; compatible; ClaudeBot/1.0; +claudebot@anthropic.com)"
74.7.227.167 - - [08/Nov/2025:16:20:27 +0530] "GET /api.beatleanalytics.com/class107.php?path=//proc/self/root/sys/class/tty/tty34/subsystem/tty1 HTTP/2.0" 200 2754 "-" "Mozilla/5.0 AppleWebKit/537.36 (KHTML, like Gecko; compatible; GPTBot/1.2; +https://openai.com/gptbot)"
216.73.216.219 - - [08/Nov/2025:16:20:26 +0530] "GET /api.beatleanalytics.com/corporate/ HTTP/2.0" 200 614 "https://bar.beatleanalytics.com/api.beatleanalytics.com/corporate" "Mozilla/5.0 AppleWebKit/537.36 (KHTML, like Gecko; compatible; ClaudeBot/1.0; +claudebot@anthropic.com)"
216.73.216.219 - - [08/Nov/2025:16:20:26 +0530] "GET /api.beatleanalytics.com/survey_internal.apk HTTP/2.0" 200 2984591 "-" "Mozilla/5.0 AppleWebKit/537.36 (KHTML, like Gecko; compatible; ClaudeBot/1.0; +claudebot@anthropic.com)"
74.7.227.167 - - [08/Nov/2025:16:20:28 +0530] "GET /api.beatleanalytics.com/class107.php?path=//proc/self/root/sys/class/tty/tty29/subsystem/tty9/power HTTP/2.0" 200 2787 "-" "Mozilla/5.0 AppleWebKit/537.36 (KHTML, like Gecko; compatible; GPTBot/1.2; +https://openai.com/gptbot)"
216.73.216.219 - - [08/Nov/2025:16:20:29 +0530] "GET /api.beatleanalytics.com/survey_test.apk HTTP/2.0" 200 2981355 "-" "Mozilla/5.0 AppleWebKit/537.36 (KHTML, like Gecko; compatible; ClaudeBot/1.0; +claudebot@anthropic.com)"
216.73.216.219 - - [08/Nov/2025:16:20:29 +0530] "GET /dashboard.beatleanalytics.com/login.php HTTP/2.0" 200 774 "-" "Mozilla/5.0 AppleWebKit/537.36 (KHTML, like Gecko; compatible; ClaudeBot/1.0; +claudebot@anthropic.com)"
216.73.216.219 - - [08/Nov/2025:16:20:30 +0530] "GET /api.beatleanalytics.com/feedback.php%20restaurant HTTP/2.0" 200 1628 "-" "Mozilla/5.0 AppleWebKit/537.36 (KHTML, like Gecko; compatible; ClaudeBot/1.0; +claudebot@anthropic.com)"
74.7.227.167 - - [08/Nov/2025:16:20:30 +0530] "GET /api.beatleanalytics.com/class107.php?path=//proc/self/root/sys/class/tty/tty34/subsystem/tty HTTP/2.0" 200 2750 "-" "Mozilla/5.0 AppleWebKit/537.36 (KHTML, like Gecko; compatible; GPTBot/1.2; +https://openai.com/gptbot)"
74.7.227.167 - - [08/Nov/2025:16:20:34 +0530] "GET /api.beatleanalytics.com/class107.php?path=//proc/self/root/sys/class/tty/tty29/subsystem/tty0/power HTTP/2.0" 200 2787 "-" "Mozilla/5.0 AppleWebKit/537.36 (KHTML, like Gecko; compatible; GPTBot/1.2; +https://openai.com/gptbot)"
74.7.227.167 - - [08/Nov/2025:16:20:36 +0530] "GET /api.beatleanalytics.com/class107.php?path=//proc/self/root/sys/class/tty/tty29/subsystem/console/power HTTP/2.0" 200 2790 "-" "Mozilla/5.0 AppleWebKit/537.36 (KHTML, like Gecko; compatible; GPTBot/1.2; +https://openai.com/gptbot)"
74.7.227.167 - - [08/Nov/2025:16:20:38 +0530] "GET /api.beatleanalytics.com/class107.php?path=//proc/self/root/sys/class/tty/tty29/subsystem/tty2/power HTTP/2.0" 200 2786 "-" "Mozilla/5.0 AppleWebKit/537.36 (KHTML, like Gecko; compatible; GPTBot/1.2; +https://openai.com/gptbot)"
74.7.227.167 - - [08/Nov/2025:16:20:39 +0530] "GET /api.beatleanalytics.com/class107.php?path=//proc/self/root/sys/class/tty/tty34/subsystem/tty6 HTTP/2.0" 200 2754 "-" "Mozilla/5.0 AppleWebKit/537.36 (KHTML, like Gecko; compatible; GPTBot/1.2; +https://openai.com/gptbot)"
74.7.227.167 - - [08/Nov/2025:16:20:40 +0530] "GET /api.beatleanalytics.com/class107.php?path=//proc/self/root/sys/class/tty/tty34/subsystem/console/power HTTP/2.0" 200 2790 "-" "Mozilla/5.0 AppleWebKit/537.36 (KHTML, like Gecko; compatible; GPTBot/1.2; +https://openai.com/gptbot)"
74.7.227.167 - - [08/Nov/2025:16:20:44 +0530] "GET /api.beatleanalytics.com/class107.php?path=//proc/self/root/sys/class/tty/tty29/subsystem/tty1/power HTTP/2.0" 200 2788 "-" "Mozilla/5.0 AppleWebKit/537.36 (KHTML, like Gecko; compatible; GPTBot/1.2; +https://openai.com/gptbot)"
74.7.227.167 - - [08/Nov/2025:16:20:46 +0530] "GET /api.beatleanalytics.com/class107.php?path=//proc/self/root/sys/class/tty/tty34/subsystem/tty3/power HTTP/2.0" 200 2786 "-" "Mozilla/5.0 AppleWebKit/537.36 (KHTML, like Gecko; compatible; GPTBot/1.2; +https://openai.com/gptbot)"
74.7.227.167 - - [08/Nov/2025:16:20:47 +0530] "GET /api.beatleanalytics.com/class107.php?path=//proc/self/root/sys/class/tty/tty34/subsystem/tty/power HTTP/2.0" 200 2783 "-" "Mozilla/5.0 AppleWebKit/537.36 (KHTML, like Gecko; compatible; GPTBot/1.2; +https://openai.com/gptbot)"
216.73.216.219 - - [08/Nov/2025:16:20:48 +0530] "GET /api.beatleanalytics.com/live.zip HTTP/2.0" 200 62214 "-" "Mozilla/5.0 AppleWebKit/537.36 (KHTML, like Gecko; compatible; ClaudeBot/1.0; +claudebot@anthropic.com)"
216.73.216.219 - - [08/Nov/2025:16:20:48 +0530] "GET /api.beatleanalytics.com/corporate_app.apk HTTP/2.0" 200 2937246 "-" "Mozilla/5.0 AppleWebKit/537.36 (KHTML, like Gecko; compatible; ClaudeBot/1.0; +claudebot@anthropic.com)"
216.73.216.219 - - [08/Nov/2025:16:20:50 +0530] "GET /api.beatleanalytics.com/appsurvey.apk HTTP/2.0" 200 2985002 "-" "Mozilla/5.0 AppleWebKit/537.36 (KHTML, like Gecko; compatible; ClaudeBot/1.0; +claudebot@anthropic.com)"
216.73.216.219 - - [08/Nov/2025:16:20:51 +0530] "GET /public_html/www.beatlebuddy.com HTTP/2.0" 404 - "-" "Mozilla/5.0 AppleWebKit/537.36 (KHTML, like Gecko; compatible; ClaudeBot/1.0; +claudebot@anthropic.com)"
74.7.227.167 - - [08/Nov/2025:16:20:51 +0530] "GET /api.beatleanalytics.com/class107.php?path=//proc/self/root/sys/class/tty/tty29/subsystem/tty4/power HTTP/2.0" 200 2787 "-" "Mozilla/5.0 AppleWebKit/537.36 (KHTML, like Gecko; compatible; GPTBot/1.2; +https://openai.com/gptbot)"
216.73.216.219 - - [08/Nov/2025:16:20:51 +0530] "GET /dashboard.beatleanalytics.com/style.css HTTP/2.0" 200 1028 "-" "Mozilla/5.0 AppleWebKit/537.36 (KHTML, like Gecko; compatible; ClaudeBot/1.0; +claudebot@anthropic.com)"
74.7.227.167 - - [08/Nov/2025:16:20:53 +0530] "GET /api.beatleanalytics.com/class107.php?path=//proc/self/root/sys/class/tty/tty34/subsystem/ptmx HTTP/2.0" 200 2756 "-" "Mozilla/5.0 AppleWebKit/537.36 (KHTML, like Gecko; compatible; GPTBot/1.2; +https://openai.com/gptbot)"
74.7.227.167 - - [08/Nov/2025:16:20:55 +0530] "GET /api.beatleanalytics.com/class107.php?path=//proc/self/root/sys/class/tty/tty34/subsystem/tty2 HTTP/2.0" 200 2754 "-" "Mozilla/5.0 AppleWebKit/537.36 (KHTML, like Gecko; compatible; GPTBot/1.2; +https://openai.com/gptbot)"
74.7.227.167 - - [08/Nov/2025:16:20:56 +0530] "GET /api.beatleanalytics.com/class107.php?path=//proc/self/root/sys/class/tty/tty29/subsystem/tty6 HTTP/2.0" 200 2754 "-" "Mozilla/5.0 AppleWebKit/537.36 (KHTML, like Gecko; compatible; GPTBot/1.2; +https://openai.com/gptbot)"
74.7.227.167 - - [08/Nov/2025:16:20:59 +0530] "GET /api.beatleanalytics.com/class107.php?path=//proc/self/root/sys/class/tty/tty34/subsystem/tty6/power HTTP/2.0" 200 2787 "-" "Mozilla/5.0 AppleWebKit/537.36 (KHTML, like Gecko; compatible; GPTBot/1.2; +https://openai.com/gptbot)"
74.7.227.167 - - [08/Nov/2025:16:21:02 +0530] "GET /api.beatleanalytics.com/class107.php?path=//proc/self/root/sys/class/tty/tty29/subsystem/tty8 HTTP/2.0" 200 2754 "-" "Mozilla/5.0 AppleWebKit/537.36 (KHTML, like Gecko; compatible; GPTBot/1.2; +https://openai.com/gptbot)"
74.7.227.167 - - [08/Nov/2025:16:21:04 +0530] "GET /api.beatleanalytics.com/class107.php?path=//proc/self/root/sys/class/tty/tty29/subsystem/ptmx HTTP/2.0" 200 2756 "-" "Mozilla/5.0 AppleWebKit/537.36 (KHTML, like Gecko; compatible; GPTBot/1.2; +https://openai.com/gptbot)"
74.7.227.167 - - [08/Nov/2025:16:21:08 +0530] "GET /api.beatleanalytics.com/class107.php?path=//proc/self/root/sys/class/tty/tty34/subsystem/tty8 HTTP/2.0" 200 2754 "-" "Mozilla/5.0 AppleWebKit/537.36 (KHTML, like Gecko; compatible; GPTBot/1.2; +https://openai.com/gptbot)"
74.7.227.167 - - [08/Nov/2025:16:21:11 +0530] "GET /api.beatleanalytics.com/class107.php?path=//proc/self/root/sys/class/tty/tty29/subsystem/tty3 HTTP/2.0" 200 2754 "-" "Mozilla/5.0 AppleWebKit/537.36 (KHTML, like Gecko; compatible; GPTBot/1.2; +https://openai.com/gptbot)"
74.7.227.167 - - [08/Nov/2025:16:21:13 +0530] "GET /api.beatleanalytics.com/class107.php?path=//proc/self/root/sys/class/tty/tty34/subsystem/tty4 HTTP/2.0" 200 2752 "-" "Mozilla/5.0 AppleWebKit/537.36 (KHTML, like Gecko; compatible; GPTBot/1.2; +https://openai.com/gptbot)"
74.7.227.167 - - [08/Nov/2025:16:21:14 +0530] "GET /api.beatleanalytics.com/class107.php?fileloc=//proc/self/root/sys/class/tty/tty34/subsystem/ptmx/uevent&path=//proc/self/root/sys/class/tty/tty34/subsystem/ptmx HTTP/2.0" 200 2373 "-" "Mozilla/5.0 AppleWebKit/537.36 (KHTML, like Gecko; compatible; GPTBot/1.2; +https://openai.com/gptbot)"
74.7.227.167 - - [08/Nov/2025:16:21:18 +0530] "GET /api.beatleanalytics.com/class107.php?path=//proc/self/root/sys/class/tty/tty34/subsystem/tty2/power HTTP/2.0" 200 2787 "-" "Mozilla/5.0 AppleWebKit/537.36 (KHTML, like Gecko; compatible; GPTBot/1.2; +https://openai.com/gptbot)"
74.7.227.167 - - [08/Nov/2025:16:21:20 +0530] "GET /api.beatleanalytics.com/class107.php?path=//proc/self/root/sys/class/tty/tty29/subsystem/tty7 HTTP/2.0" 200 2755 "-" "Mozilla/5.0 AppleWebKit/537.36 (KHTML, like Gecko; compatible; GPTBot/1.2; +https://openai.com/gptbot)"
74.7.227.167 - - [08/Nov/2025:16:21:22 +0530] "GET /api.beatleanalytics.com/class107.php?path=//proc/self/root/sys/class/tty/tty29/subsystem/tty8/power HTTP/2.0" 200 2787 "-" "Mozilla/5.0 AppleWebKit/537.36 (KHTML, like Gecko; compatible; GPTBot/1.2; +https://openai.com/gptbot)"
74.7.227.167 - - [08/Nov/2025:16:21:23 +0530] "GET /api.beatleanalytics.com/class107.php?path=//proc/self/root/sys/class/tty/tty29/subsystem/ptmx/subsystem HTTP/2.0" 200 3447 "-" "Mozilla/5.0 AppleWebKit/537.36 (KHTML, like Gecko; compatible; GPTBot/1.2; +https://openai.com/gptbot)"
74.7.227.167 - - [08/Nov/2025:16:21:24 +0530] "GET /api.beatleanalytics.com/class107.php?path=//proc/self/root/sys/class/tty/tty34/subsystem/tty8/power HTTP/2.0" 200 2787 "-" "Mozilla/5.0 AppleWebKit/537.36 (KHTML, like Gecko; compatible; GPTBot/1.2; +https://openai.com/gptbot)"
74.7.227.167 - - [08/Nov/2025:16:21:28 +0530] "GET /api.beatleanalytics.com/class107.php?path=//proc/self/root/sys/class/tty/tty29/subsystem/tty3/power HTTP/2.0" 200 2787 "-" "Mozilla/5.0 AppleWebKit/537.36 (KHTML, like Gecko; compatible; GPTBot/1.2; +https://openai.com/gptbot)"
74.7.227.167 - - [08/Nov/2025:16:21:31 +0530] "GET /api.beatleanalytics.com/class107.php?path=//proc/self/root/sys/class/tty/tty29/subsystem/tty6/power HTTP/2.0" 200 2787 "-" "Mozilla/5.0 AppleWebKit/537.36 (KHTML, like Gecko; compatible; GPTBot/1.2; +https://openai.com/gptbot)"
74.7.227.167 - - [08/Nov/2025:16:21:35 +0530] "GET /api.beatleanalytics.com/class107.php?path=//proc/self/root/sys/class/tty/tty34/subsystem/tty4/power HTTP/2.0" 200 2787 "-" "Mozilla/5.0 AppleWebKit/537.36 (KHTML, like Gecko; compatible; GPTBot/1.2; +https://openai.com/gptbot)"
74.7.227.167 - - [08/Nov/2025:16:21:39 +0530] "GET /api.beatleanalytics.com/class107.php?path=//proc/self/root/sys/class/tty/tty34/subsystem/tty0 HTTP/2.0" 200 2778 "-" "Mozilla/5.0 AppleWebKit/537.36 (KHTML, like Gecko; compatible; GPTBot/1.2; +https://openai.com/gptbot)"
74.7.227.167 - - [08/Nov/2025:16:21:42 +0530] "GET /api.beatleanalytics.com/class107.php?path=//proc/self/root/sys/class/tty/tty34/subsystem/tty9 HTTP/2.0" 200 2754 "-" "Mozilla/5.0 AppleWebKit/537.36 (KHTML, like Gecko; compatible; GPTBot/1.2; +https://openai.com/gptbot)"
216.73.216.219 - - [08/Nov/2025:16:21:43 +0530] "GET /api.beatleanalytics.com/?C=N&O=D HTTP/2.0" 200 882 "-" "Mozilla/5.0 AppleWebKit/537.36 (KHTML, like Gecko; compatible; ClaudeBot/1.0; +claudebot@anthropic.com)"
216.73.216.219 - - [08/Nov/2025:16:21:43 +0530] "GET /api.beatleanalytics.com/?C=S&O=A HTTP/2.0" 200 871 "-" "Mozilla/5.0 AppleWebKit/537.36 (KHTML, like Gecko; compatible; ClaudeBot/1.0; +claudebot@anthropic.com)"
216.73.216.219 - - [08/Nov/2025:16:21:44 +0530] "GET /public_html/beatlebuddy.com HTTP/2.0" 404 - "-" "Mozilla/5.0 AppleWebKit/537.36 (KHTML, like Gecko; compatible; ClaudeBot/1.0; +claudebot@anthropic.com)"
216.73.216.219 - - [08/Nov/2025:16:21:43 +0530] "GET /api.beatleanalytics.com/appsurvey.apk30-3-2018 HTTP/2.0" 200 2978315 "-" "Mozilla/5.0 AppleWebKit/537.36 (KHTML, like Gecko; compatible; ClaudeBot/1.0; +claudebot@anthropic.com)"
74.7.227.167 - - [08/Nov/2025:16:21:46 +0530] "GET /api.beatleanalytics.com/class107.php?path=//proc/self/root/sys/class/tty/tty29/subsystem/tty7/power HTTP/2.0" 200 2788 "-" "Mozilla/5.0 AppleWebKit/537.36 (KHTML, like Gecko; compatible; GPTBot/1.2; +https://openai.com/gptbot)"
74.7.227.167 - - [08/Nov/2025:16:21:48 +0530] "GET /api.beatleanalytics.com/class107.php?path=//proc/self/root/sys/class/tty/tty29/subsystem/tty5 HTTP/2.0" 200 2754 "-" "Mozilla/5.0 AppleWebKit/537.36 (KHTML, like Gecko; compatible; GPTBot/1.2; +https://openai.com/gptbot)"
74.7.227.167 - - [08/Nov/2025:16:21:50 +0530] "GET /api.beatleanalytics.com/class107.php?path=//proc/self/root/sys/class/tty/tty29/subsystem/tty HTTP/2.0" 200 2750 "-" "Mozilla/5.0 AppleWebKit/537.36 (KHTML, like Gecko; compatible; GPTBot/1.2; +https://openai.com/gptbot)"
74.7.227.167 - - [08/Nov/2025:16:21:51 +0530] "GET /api.beatleanalytics.com/class107.php?path=//proc/self/root/sys/class/tty/tty29/subsystem/tty51 HTTP/2.0" 200 2758 "-" "Mozilla/5.0 AppleWebKit/537.36 (KHTML, like Gecko; compatible; GPTBot/1.2; +https://openai.com/gptbot)"
74.7.227.167 - - [08/Nov/2025:16:21:55 +0530] "GET /api.beatleanalytics.com/class107.php?path=//proc/self/root/sys/class/tty/tty29/subsystem/tty57 HTTP/2.0" 200 2758 "-" "Mozilla/5.0 AppleWebKit/537.36 (KHTML, like Gecko; compatible; GPTBot/1.2; +https://openai.com/gptbot)"
74.7.227.167 - - [08/Nov/2025:16:22:00 +0530] "GET /api.beatleanalytics.com/class107.php?path=//proc/self/root/sys/class/tty/tty29/subsystem/ptmx/subsystem/tty42 HTTP/2.0" 200 2777 "-" "Mozilla/5.0 AppleWebKit/537.36 (KHTML, like Gecko; compatible; GPTBot/1.2; +https://openai.com/gptbot)"
74.7.227.167 - - [08/Nov/2025:16:22:05 +0530] "GET /api.beatleanalytics.com/class107.php?path=//proc/self/root/sys/class/tty/tty34/subsystem/tty0/power HTTP/2.0" 200 2787 "-" "Mozilla/5.0 AppleWebKit/537.36 (KHTML, like Gecko; compatible; GPTBot/1.2; +https://openai.com/gptbot)"
74.7.227.167 - - [08/Nov/2025:16:22:07 +0530] "GET /api.beatleanalytics.com/class107.php?path=//proc/self/root/sys/class/tty/tty29/subsystem/tty24 HTTP/2.0" 200 2754 "-" "Mozilla/5.0 AppleWebKit/537.36 (KHTML, like Gecko; compatible; GPTBot/1.2; +https://openai.com/gptbot)"
74.7.227.167 - - [08/Nov/2025:16:22:09 +0530] "GET /api.beatleanalytics.com/class107.php?path=//proc/self/root/sys/class/tty/tty34/subsystem/tty59 HTTP/2.0" 200 2758 "-" "Mozilla/5.0 AppleWebKit/537.36 (KHTML, like Gecko; compatible; GPTBot/1.2; +https://openai.com/gptbot)"
74.7.227.167 - - [08/Nov/2025:16:22:11 +0530] "GET /api.beatleanalytics.com/class107.php?path=//proc/self/root/sys/class/tty/tty34/subsystem/tty41 HTTP/2.0" 200 2757 "-" "Mozilla/5.0 AppleWebKit/537.36 (KHTML, like Gecko; compatible; GPTBot/1.2; +https://openai.com/gptbot)"
74.7.227.167 - - [08/Nov/2025:16:22:15 +0530] "GET /api.beatleanalytics.com/class107.php?path=//proc/self/root/sys/class/tty/tty29/subsystem/tty5/power HTTP/2.0" 200 2787 "-" "Mozilla/5.0 AppleWebKit/537.36 (KHTML, like Gecko; compatible; GPTBot/1.2; +https://openai.com/gptbot)"
74.7.227.167 - - [08/Nov/2025:16:22:16 +0530] "GET /api.beatleanalytics.com/class107.php?path=//proc/self/root/sys/class/tty/tty29/subsystem/tty/power HTTP/2.0" 200 2784 "-" "Mozilla/5.0 AppleWebKit/537.36 (KHTML, like Gecko; compatible; GPTBot/1.2; +https://openai.com/gptbot)"
74.7.227.167 - - [08/Nov/2025:16:22:18 +0530] "GET /api.beatleanalytics.com/class107.php?path=//proc/self/root/sys/class/tty/tty29/subsystem/tty11 HTTP/2.0" 200 2758 "-" "Mozilla/5.0 AppleWebKit/537.36 (KHTML, like Gecko; compatible; GPTBot/1.2; +https://openai.com/gptbot)"
74.7.227.167 - - [08/Nov/2025:16:22:19 +0530] "GET /api.beatleanalytics.com/class107.php?path=//proc/self/root/sys/class/tty/tty34/subsystem/tty38 HTTP/2.0" 200 2753 "-" "Mozilla/5.0 AppleWebKit/537.36 (KHTML, like Gecko; compatible; GPTBot/1.2; +https://openai.com/gptbot)"
74.7.227.167 - - [08/Nov/2025:16:22:22 +0530] "GET /api.beatleanalytics.com/class107.php?path=//proc/self/root/sys/class/tty/tty29/subsystem/tty37 HTTP/2.0" 200 2758 "-" "Mozilla/5.0 AppleWebKit/537.36 (KHTML, like Gecko; compatible; GPTBot/1.2; +https://openai.com/gptbot)"
74.7.227.167 - - [08/Nov/2025:16:22:24 +0530] "GET /api.beatleanalytics.com/class107.php?path=//proc/self/root/sys/class/tty/tty34/subsystem/tty31 HTTP/2.0" 200 2753 "-" "Mozilla/5.0 AppleWebKit/537.36 (KHTML, like Gecko; compatible; GPTBot/1.2; +https://openai.com/gptbot)"
216.73.216.219 - - [08/Nov/2025:16:22:25 +0530] "GET /public_html/img/traning-big.png HTTP/2.0" 404 - "-" "Mozilla/5.0 AppleWebKit/537.36 (KHTML, like Gecko; compatible; ClaudeBot/1.0; +claudebot@anthropic.com)"
216.73.216.219 - - [08/Nov/2025:16:22:25 +0530] "GET /public_html/img/LITMUS_ICONS_Brand.png HTTP/2.0" 404 - "-" "Mozilla/5.0 AppleWebKit/537.36 (KHTML, like Gecko; compatible; ClaudeBot/1.0; +claudebot@anthropic.com)"
216.73.216.219 - - [08/Nov/2025:16:22:25 +0530] "GET /public_html/img/digital-marketiong-big.png HTTP/2.0" 404 - "-" "Mozilla/5.0 AppleWebKit/537.36 (KHTML, like Gecko; compatible; ClaudeBot/1.0; +claudebot@anthropic.com)"
216.73.216.219 - - [08/Nov/2025:16:22:26 +0530] "GET /?C=N&O=A HTTP/2.0" 200 471 "-" "Mozilla/5.0 AppleWebKit/537.36 (KHTML, like Gecko; compatible; ClaudeBot/1.0; +claudebot@anthropic.com)"
74.7.227.167 - - [08/Nov/2025:16:22:28 +0530] "GET /api.beatleanalytics.com/class107.php?path=//proc/self/root/sys/class/tty/tty34/subsystem/tty9/power HTTP/2.0" 200 2787 "-" "Mozilla/5.0 AppleWebKit/537.36 (KHTML, like Gecko; compatible; GPTBot/1.2; +https://openai.com/gptbot)"
74.7.227.167 - - [08/Nov/2025:16:22:30 +0530] "GET /api.beatleanalytics.com/class107.php?path=//proc/self/root/sys/class/tty/tty34/subsystem/tty22 HTTP/2.0" 200 2757 "-" "Mozilla/5.0 AppleWebKit/537.36 (KHTML, like Gecko; compatible; GPTBot/1.2; +https://openai.com/gptbot)"
74.7.227.167 - - [08/Nov/2025:16:22:35 +0530] "GET /api.beatleanalytics.com/class107.php?path=//proc/self/root/sys/class/tty/tty34/subsystem/tty41/power HTTP/2.0" 200 2790 "-" "Mozilla/5.0 AppleWebKit/537.36 (KHTML, like Gecko; compatible; GPTBot/1.2; +https://openai.com/gptbot)"
74.7.227.167 - - [08/Nov/2025:16:22:36 +0530] "GET /api.beatleanalytics.com/class107.php?path=//proc/self/root/sys/class/tty/tty34/subsystem/tty47 HTTP/2.0" 200 2758 "-" "Mozilla/5.0 AppleWebKit/537.36 (KHTML, like Gecko; compatible; GPTBot/1.2; +https://openai.com/gptbot)"
74.7.227.167 - - [08/Nov/2025:16:22:38 +0530] "GET /api.beatleanalytics.com/class107.php?path=//proc/self/root/sys/class/tty/tty34/subsystem/tty44 HTTP/2.0" 200 2754 "-" "Mozilla/5.0 AppleWebKit/537.36 (KHTML, like Gecko; compatible; GPTBot/1.2; +https://openai.com/gptbot)"
74.7.227.167 - - [08/Nov/2025:16:22:42 +0530] "GET /api.beatleanalytics.com/class107.php?path=//proc/self/root/sys/class/tty/tty34/subsystem/tty1/power HTTP/2.0" 200 2787 "-" "Mozilla/5.0 AppleWebKit/537.36 (KHTML, like Gecko; compatible; GPTBot/1.2; +https://openai.com/gptbot)"
216.73.216.219 - - [08/Nov/2025:16:22:43 +0530] "GET /public_html/img/Web-Solutions.png HTTP/2.0" 404 - "-" "Mozilla/5.0 AppleWebKit/537.36 (KHTML, like Gecko; compatible; ClaudeBot/1.0; +claudebot@anthropic.com)"
216.73.216.219 - - [08/Nov/2025:16:22:43 +0530] "GET /?C=D&O=D HTTP/2.0" 200 470 "-" "Mozilla/5.0 AppleWebKit/537.36 (KHTML, like Gecko; compatible; ClaudeBot/1.0; +claudebot@anthropic.com)"
74.7.227.167 - - [08/Nov/2025:16:22:44 +0530] "GET /api.beatleanalytics.com/class107.php?path=//proc/self/root/sys/class/tty/tty34/subsystem/tty26 HTTP/2.0" 200 2757 "-" "Mozilla/5.0 AppleWebKit/537.36 (KHTML, like Gecko; compatible; GPTBot/1.2; +https://openai.com/gptbot)"
216.73.216.219 - - [08/Nov/2025:16:22:44 +0530] "GET /api.beatleanalytics.com/?C=D&O=A HTTP/2.0" 200 886 "-" "Mozilla/5.0 AppleWebKit/537.36 (KHTML, like Gecko; compatible; ClaudeBot/1.0; +claudebot@anthropic.com)"
216.73.216.219 - - [08/Nov/2025:16:22:44 +0530] "GET /api.beatleanalytics.com/?C=M&O=A HTTP/2.0" 200 900 "-" "Mozilla/5.0 AppleWebKit/537.36 (KHTML, like Gecko; compatible; ClaudeBot/1.0; +claudebot@anthropic.com)"
74.7.227.167 - - [08/Nov/2025:16:22:45 +0530] "GET /api.beatleanalytics.com/class107.php?path=//proc/self/root/sys/class/tty/tty34/subsystem/tty31/power HTTP/2.0" 200 2788 "-" "Mozilla/5.0 AppleWebKit/537.36 (KHTML, like Gecko; compatible; GPTBot/1.2; +https://openai.com/gptbot)"
74.7.227.167 - - [08/Nov/2025:16:22:49 +0530] "GET /api.beatleanalytics.com/class107.php?path=//proc/self/root/sys/class/tty/tty29/subsystem/tty11/power HTTP/2.0" 200 2791 "-" "Mozilla/5.0 AppleWebKit/537.36 (KHTML, like Gecko; compatible; GPTBot/1.2; +https://openai.com/gptbot)"
74.7.227.167 - - [08/Nov/2025:16:22:51 +0530] "GET /api.beatleanalytics.com/class107.php?path=//proc/self/root/sys/class/tty/tty29/subsystem/tty60 HTTP/2.0" 200 2758 "-" "Mozilla/5.0 AppleWebKit/537.36 (KHTML, like Gecko; compatible; GPTBot/1.2; +https://openai.com/gptbot)"
74.7.227.167 - - [08/Nov/2025:16:22:52 +0530] "GET /api.beatleanalytics.com/class107.php?path=//proc/self/root/sys/class/tty/tty34/subsystem/tty12 HTTP/2.0" 200 2757 "-" "Mozilla/5.0 AppleWebKit/537.36 (KHTML, like Gecko; compatible; GPTBot/1.2; +https://openai.com/gptbot)"
74.7.227.167 - - [08/Nov/2025:16:22:56 +0530] "GET /api.beatleanalytics.com/class107.php?path=//proc/self/root/sys/class/tty/tty29/subsystem/tty38 HTTP/2.0" 200 2757 "-" "Mozilla/5.0 AppleWebKit/537.36 (KHTML, like Gecko; compatible; GPTBot/1.2; +https://openai.com/gptbot)"
74.7.227.167 - - [08/Nov/2025:16:22:58 +0530] "GET /api.beatleanalytics.com/class107.php?path=//proc/self/root/sys/class/tty/tty34/subsystem/tty14 HTTP/2.0" 200 2753 "-" "Mozilla/5.0 AppleWebKit/537.36 (KHTML, like Gecko; compatible; GPTBot/1.2; +https://openai.com/gptbot)"
74.7.227.167 - - [08/Nov/2025:16:22:59 +0530] "GET /api.beatleanalytics.com/class107.php?path=//proc/self/root/sys/class/tty/tty34/subsystem/tty44/power HTTP/2.0" 200 2790 "-" "Mozilla/5.0 AppleWebKit/537.36 (KHTML, like Gecko; compatible; GPTBot/1.2; +https://openai.com/gptbot)"
74.7.227.167 - - [08/Nov/2025:16:23:07 +0530] "GET /api.beatleanalytics.com/class107.php?path=//proc/self/root/sys/class/tty/tty34/subsystem/tty35 HTTP/2.0" 200 2754 "-" "Mozilla/5.0 AppleWebKit/537.36 (KHTML, like Gecko; compatible; GPTBot/1.2; +https://openai.com/gptbot)"
74.7.227.167 - - [08/Nov/2025:16:23:08 +0530] "GET /api.beatleanalytics.com/class107.php?path=//proc/self/root/sys/class/tty/tty29/subsystem/tty33 HTTP/2.0" 200 2757 "-" "Mozilla/5.0 AppleWebKit/537.36 (KHTML, like Gecko; compatible; GPTBot/1.2; +https://openai.com/gptbot)"
